{"id":126,"date":"2023-01-11T20:59:28","date_gmt":"2023-01-11T19:59:28","guid":{"rendered":"https:\/\/www.pomoc24.se\/?page_id=126"},"modified":"2026-03-30T10:29:45","modified_gmt":"2026-03-30T08:29:45","slug":"nr-konta","status":"publish","type":"page","link":"https:\/\/www.pomoc24.se\/?page_id=126","title":{"rendered":"Numery kont:"},"content":{"rendered":"\n<p><\/p>\n\n\n\n<p><strong><em>Wp\u0142ata w SEK:<\/em><\/strong><\/p>\n\n\n\n<p>BG: 5748-4594<\/p>\n\n\n\n<p>Swish f\u00f6retag: 123 344 92 04<\/p>\n\n\n\n<p><strong><em>Wp\u0142ata w PLN:<\/em><\/strong><\/p>\n\n\n\n<p>96 1020 1026 3741 0000 0000 1761 <\/p>\n\n\n\n<p>PKO BP II o\/Warszawa<\/p>\n\n\n\n<p>Blik nr: 720 784 738<\/p>\n\n\n\n<p><em><strong>Wp\u0142ata w EUR:<\/strong><\/em><\/p>\n\n\n\n<p>BE91 9670 6380 7976 <\/p>\n\n\n\n<p>BIC: TRWIBEB1XXX<\/p>\n\n\n\n<p>Odbiorca wp\u0142aty: <strong>Mareks Data<\/strong><\/p>\n\n\n\n<p>W tytule wp\u0142aty prosz\u0119 wpisa\u0107: <strong><mark style=\"background-color:rgba(0, 0, 0, 0)\" class=\"has-inline-color has-black-color\">Pomoc24.se<\/mark><\/strong><\/p>\n\n\n\n<p><strong>Zapraszamy !!<\/strong><\/p>\n\n\n\n<figure class=\"wp-block-image size-full\"><img loading=\"lazy\" decoding=\"async\" width=\"563\" height=\"615\" src=\"https:\/\/www.pomoc24.se\/wp-content\/uploads\/2023\/01\/scales-1.jpg\" alt=\"\" class=\"wp-image-220\" srcset=\"https:\/\/www.pomoc24.se\/wp-content\/uploads\/2023\/01\/scales-1.jpg 563w, https:\/\/www.pomoc24.se\/wp-content\/uploads\/2023\/01\/scales-1-275x300.jpg 275w\" sizes=\"auto, (max-width: 563px) 100vw, 563px\" \/><\/figure>\n","protected":false},"excerpt":{"rendered":"<p>Wp\u0142ata w SEK: BG: 5748-4594 Swish f\u00f6retag: 123 344 92 04 Wp\u0142ata w PLN: 96 1020 1026 3741 0000 0000 1761 PKO BP II o\/Warszawa Blik nr: 720 784 738 Wp\u0142ata w EUR: BE91 9670 6380 7976 BIC: TRWIBEB1XXX Odbiorca &hellip; <a href=\"https:\/\/www.pomoc24.se\/?page_id=126\">Forts\u00e4tt l\u00e4sa <span class=\"meta-nav\">&rarr;<\/span><\/a><\/p>\n","protected":false},"author":2,"featured_media":0,"parent":0,"menu_order":0,"comment_status":"closed","ping_status":"closed","template":"","meta":{"footnotes":""},"class_list":["post-126","page","type-page","status-publish","hentry"],"_links":{"self":[{"href":"https:\/\/www.pomoc24.se\/index.php?rest_route=\/wp\/v2\/pages\/126","targetHints":{"allow":["GET"]}}],"collection":[{"href":"https:\/\/www.pomoc24.se\/index.php?rest_route=\/wp\/v2\/pages"}],"about":[{"href":"https:\/\/www.pomoc24.se\/index.php?rest_route=\/wp\/v2\/types\/page"}],"author":[{"embeddable":true,"href":"https:\/\/www.pomoc24.se\/index.php?rest_route=\/wp\/v2\/users\/2"}],"replies":[{"embeddable":true,"href":"https:\/\/www.pomoc24.se\/index.php?rest_route=%2Fwp%2Fv2%2Fcomments&post=126"}],"version-history":[{"count":24,"href":"https:\/\/www.pomoc24.se\/index.php?rest_route=\/wp\/v2\/pages\/126\/revisions"}],"predecessor-version":[{"id":778,"href":"https:\/\/www.pomoc24.se\/index.php?rest_route=\/wp\/v2\/pages\/126\/revisions\/778"}],"wp:attachment":[{"href":"https:\/\/www.pomoc24.se\/index.php?rest_route=%2Fwp%2Fv2%2Fmedia&parent=126"}],"curies":[{"name":"wp","href":"https:\/\/api.w.org\/{rel}","templated":true}]}}