{"id":551,"date":"2023-06-17T23:10:24","date_gmt":"2023-06-17T21:10:24","guid":{"rendered":"https:\/\/www.pomoc24.se\/?page_id=551"},"modified":"2024-01-23T18:38:11","modified_gmt":"2024-01-23T17:38:11","slug":"polskie-firmy-w-szwecji","status":"publish","type":"page","link":"https:\/\/www.pomoc24.se\/?page_id=551","title":{"rendered":"Polskie firmy w Szwecji"},"content":{"rendered":"\n<p>Wielu z naszych rodak\u00f3w decyduje si\u0119 podj\u0105\u0107 prac\u0119 w Szwecji jako tzw polskie JDG czyli &#8221;jednoosobowa dzia\u0142alno\u015b\u0107 gospodarcza&#8221; zarejestrowana w Polsce.<\/p>\n\n\n\n<p>Po nowelizacji przepis\u00f3w podatkowych w 2021 roku &#8211; Wasz szwedzki pracodawca czy zleceniodawca musi od ka\u017cdej wystawionej faktury pobra\u0107 30 proc zaliczki na podatek dochodowy poniewa\u017c praca zosta\u0142a wykonana i musi zosta\u0107 opodatkowana na terenie Szwecji.<\/p>\n\n\n\n<p>Pobierania zaliczki mo\u017cna unikn\u0105\u0107 rejestruj\u0105c swoj\u0105 polsk\u0105 firm\u0119 w Szwecji do tzw F-skatt, czyli podatku dochodowego. I wtedy to na Was b\u0119dzie spoczywa\u0142 obowi\u0105zek zap\u0142aty tego podatku do Urz\u0119du a nie na pracodawcy.<\/p>\n\n\n\n<p>Je\u017celi Wasza firma zatrudnia pracownik\u00f3w &#8211; to pod okre\u015blonymi warunkami oni r\u00f3wnie\u017c musz\u0105 zosta\u0107 zarejestrowani w Szwecji jako p\u0142atnicy podatku dochodowego i rozlicza\u0107 si\u0119 tutaj a nie w Polsce.<\/p>\n\n\n\n<p>Nasza firma zapewnia kompleksow\u0105 pomoc zar\u00f3wno przy rejestracji F-skatt dla firmy jak r\u00f3wnie\u017c rejestracji pracownik\u00f3w w Szwecji na wspomnianych zasadach.<\/p>\n\n\n\n<p>Napisz: <a href=\"mailto:info@pomoc24.se\" target=\"_blank\" rel=\"noreferrer noopener\">info@pomoc24.se<\/a> &#8211; wyja\u015bnimy zasady i pomo\u017cemy we wszystkich sprawach zwi\u0105zanych z rejestracj\u0105. <\/p>\n","protected":false},"excerpt":{"rendered":"<p>Wielu z naszych rodak\u00f3w decyduje si\u0119 podj\u0105\u0107 prac\u0119 w Szwecji jako tzw polskie JDG czyli &#8221;jednoosobowa dzia\u0142alno\u015b\u0107 gospodarcza&#8221; zarejestrowana w Polsce. Po nowelizacji przepis\u00f3w podatkowych w 2021 roku &#8211; Wasz szwedzki pracodawca czy zleceniodawca musi od ka\u017cdej wystawionej faktury pobra\u0107 &hellip; <a href=\"https:\/\/www.pomoc24.se\/?page_id=551\">Forts\u00e4tt l\u00e4sa <span class=\"meta-nav\">&rarr;<\/span><\/a><\/p>\n","protected":false},"author":2,"featured_media":0,"parent":0,"menu_order":0,"comment_status":"closed","ping_status":"closed","template":"","meta":{"footnotes":""},"class_list":["post-551","page","type-page","status-publish","hentry"],"_links":{"self":[{"href":"https:\/\/www.pomoc24.se\/index.php?rest_route=\/wp\/v2\/pages\/551","targetHints":{"allow":["GET"]}}],"collection":[{"href":"https:\/\/www.pomoc24.se\/index.php?rest_route=\/wp\/v2\/pages"}],"about":[{"href":"https:\/\/www.pomoc24.se\/index.php?rest_route=\/wp\/v2\/types\/page"}],"author":[{"embeddable":true,"href":"https:\/\/www.pomoc24.se\/index.php?rest_route=\/wp\/v2\/users\/2"}],"replies":[{"embeddable":true,"href":"https:\/\/www.pomoc24.se\/index.php?rest_route=%2Fwp%2Fv2%2Fcomments&post=551"}],"version-history":[{"count":7,"href":"https:\/\/www.pomoc24.se\/index.php?rest_route=\/wp\/v2\/pages\/551\/revisions"}],"predecessor-version":[{"id":612,"href":"https:\/\/www.pomoc24.se\/index.php?rest_route=\/wp\/v2\/pages\/551\/revisions\/612"}],"wp:attachment":[{"href":"https:\/\/www.pomoc24.se\/index.php?rest_route=%2Fwp%2Fv2%2Fmedia&parent=551"}],"curies":[{"name":"wp","href":"https:\/\/api.w.org\/{rel}","templated":true}]}}